-1). Let q(s) = 3*s**2 - 12*s - 10*s**2 - 19 + c*s**2. Is q(11) a multiple of 7?
True
Suppose 2*s - 6*s = -x - 6, 2*x - 6 = -s. Is 9 a factor of (x/4)/((-17)/(-14858))?
False
Let o = 3184 + -2236. Suppose o = 11*t - 53. Is 7 a factor of t?
True
Suppose 3*y = -6*y + 18. Suppose 2*t - y - 478 = 0. Suppose -7*n = -2*n - t. Is 48 a factor of n?
True
Let f(c) = 200*c + 4. Let l(h) = -1. Let m(q) = f(q) + l(q). Is 31 a factor of m(2)?
True
Let y = 177 - 117. Let i = y - 65. Let j(u) = 6*u**2 - 9*u - 52. Is j(i) a multiple of 13?
True
Suppose -67 + 40 = -9*s. Suppose -r - 124 = -s*v, -2*r = 15 - 7. Is v a multiple of 4?
True
Let m be (-136)/(-1292) - (-245)/19. Suppose m*j - 16*j = -3552. Is j a multiple of 32?
True
Let y be -1*(-11 + 4 + -595). Is 11 a factor of y - ((-12 - -5) + 6)?
False
Let w be ((-8)/6)/((-4)/12). Let o be 53 + -11 + 18/9. Suppose -w*v + 81 = -2*f - f, -v = 4*f - o. Is 12 a factor of v?
True
Let u be 8 + 0 + -2 + -36 + 35. Is 17 a factor of (-8 + 2 + u)*-1072?
False
Let r = 60 + -37. Let f = r - -42. Let w = f + -39. Is 13 a factor of w?
True
Suppose -10*f = -15*f - 3*s + 57, -41 = -3*f + 5*s. Suppose -f*d = -21*d + 972. Does 12 divide d?
True
Suppose -w - 2*q = -153 - 2181, -w = 5*q - 2340. Is w a multiple of 10?
True
Let v = -86 - -90. Suppose 970 = -v*p + 14*p. Does 39 divide p?
False
Suppose 4*r - 622 = 110. Let f = r + -144. Is f a multiple of 6?
False
Does 93 divide ((-2)/3)/(60/(-540)) + 459?
True
Suppose -2*m - 672 = -10*m. Let b be (4 - m/20)*-5*1. Let f(z) = 226*z. Is f(b) a multiple of 33?
False
Suppose 26*x + 4442 = 18654 + 4898. Is 35 a factor of x?
True
Suppose -4*d - 204 = -4*r, 3*d + 2*r = -d - 234. Let p = 115 + d. Is 5 a factor of p?
False
Let f(p) = 79*p. Let g(y) = -1. Let o(d) = -395*d. Let c(n) = g(n) - o(n). Let a(s) = 2*c(s) - 11*f(s). Is 26 a factor of a(-2)?
True
Let v = 646 + -641. Suppose -5*f = v*j - 2200, 2*f + j + 54 - 934 = 0. Is f a multiple of 35?
False
Let b = 3 - 0. Suppose 0 = -b*i - 15, 4*p - 2*i + 13 = 43. Suppose p*z - 82 - 38 = 0. Does 6 divide z?
True
Let u(p) = -37*p + 2554. Does 14 divide u(14)?
False
Suppose -2*d - 4*a + 61001 + 62391 = 0, -a + 5 = 0. Is d a multiple of 18?
True
Let j(w) = 1442*w**2 - 31*w - 54. Is j(3) a multiple of 47?
True
Let q(m) = 3*m**2 - 17*m + 18. Let r be q(5). Suppose -r*f = -9*f + 240. Does 12 divide f?
True
Suppose 2*b = -4*x + 146, -2*b - 219 = -5*b + 2*x. Let s = 449 - b. Is s a multiple of 35?
False
Suppose 2*l = -2*v + 91434, 27*v = 29*v - 3*l - 91424. Does 205 divide v?
True
Suppose -41*b + 42*b + 2*l - 7606 = 0, 5*l = b - 7641. Does 28 divide b?
True
Suppose 4*l - 5*w = 17207, -147*w - 21496 = -5*l - 145*w. Is 13 a factor of l?
False
Let a(x) = x**2 - x + 18. Let h be a(0). Let q be -7*(0 - h/21). Suppose -2*w = -q*w + 320. Is 20 a factor of w?
True
Let b be -3 - 0 - (-50 - -11). Suppose -9*w = -18*w + b. Let o(q) = -q + 22. Is 9 a factor of o(w)?
True
Let i(r) = -4*r**3 - 5*r**2 - 25. Suppose 5*k + 15 = 8*k, -k = 3*g + 10. Is i(g) a multiple of 14?
True
Let c = 4110 - 4103. Is c a multiple of 7?
True
Suppose -16 = 3*t - 58. Suppose -24*m - 4 = -23*m, 0 = -2*w + 4*m + 28. Suppose -t = -z - w*z. Is 2 a factor of z?
True
Suppose -3*b - 2*r - 545 + 11205 = 0, 0 = 3*b + r - 10658. Suppose 3*t = 4*v + 2126, 5*t - b = -12*v + 10*v. Is t a multiple of 19?
False
Let t be 13/1 + -11 + 2. Suppose -5*f - d + 4280 = -0*f, 4*d + 3400 = t*f. Does 9 divide f?
True
Let k be (-1)/4 - ((-229)/4 + 3). Is 22 a factor of (5 + k/(-12))*660?
True
Does 3 divide ((-123)/(-21))/((-10)/(-1190))?
False
Suppose -10 = 4*m - 6. Is m + 1092/6 + 1 a multiple of 7?
True
Let d(n) = 56*n + 21 + 1 - 63*n. Is d(-8) a multiple of 6?
True
Let n be -3*-60*2/(-18). Let w(s) = 5*s + 2. Let r be w(2). Is (r - 1)*(-19 - n) a multiple of 5?
False
Suppose 2*h + 2*y = h + 11087, 2*h = 3*y + 22223. Is h a multiple of 26?
False
Suppose -s - 3*x - 3 = -0*s, -57 = 4*s + 3*x. Let i = -70 - s. Let h = i - -97. Does 5 divide h?
True
Let z = 39 - 37. Suppose 4*u = 12, 2*j - 2*u = z*u + 888. Suppose j = -d + 4*d. Is 25 a factor of d?
True
Suppose 19*l + 8*l - 135 = 0. Suppose l*b = -207 + 2937. Is 21 a factor of b?
True
Suppose -t = -13 + 9. Suppose -2*v - 484 = -4*v. Suppose 136 = 2*k + 3*o, 7*k - t*k - 5*o = v. Does 7 divide k?
False
Suppose 4*h - 27456 = -2*x, h - 4 = -7. Is x a multiple of 92?
False
Let m be (-57)/38*16/(-6). Let u(a) = -10*a + 4. Let f(i) = -19*i + 8. Let t(k) = 3*f(k) - 7*u(k). Is 29 a factor of t(m)?
False
Let t = -2123 + 3232. Suppose 5*w = -2*i + 26 + 715, -3*i = 5*w - t. Is i a multiple of 16?
True
Let w = -31690 - -55210. Does 49 divide w?
True
Let t(k) = -6*k + 593. Is 5 a factor of t(-77)?
True
Let b(y) = -1563*y - 56. Let c be b(16). Is (-6)/(-8) - c/32 a multiple of 49?
True
Let f = -5874 + 5786. Let z be (-2)/(-7) + 719/7. Let v = f + z. Is v a multiple of 15?
True
Suppose 4*i = -8*i - 972. Let s = i - -144. Suppose w + v - s = -11, 5*w + 3*v = 252. Is w a multiple of 13?
False
Does 86 divide ((-2)/(-16) - 110/(-16)) + 2802?
False
Suppose -41*d + 677642 = -1546961 + 238604. Is d a multiple of 10?
False
Suppose -7*q + 4*q - 3*b + 13602 = 0, -18138 = -4*q - 5*b. Is q a multiple of 55?
False
Let k(o) be the first derivative of -2*o**2 - 4*o + 36. Let y be k(4). Is 15 a factor of -9*y/6*22/4?
True
Let j(x) = 21*x + 275. Let r be j(-13). Suppose -r*b - 6*h + 1152 = -2*h, 4*b - 2316 = -2*h. Is 36 a factor of b?
False
Let s(b) = -3*b - 5*b + 2*b + 9*b + 6. Let c be s(3). Suppose c = 5*p - 200. Is 21 a factor of p?
False
Let t = -72 + 106. Suppose -27031 = -t*r - 4081. Is 25 a factor of r?
True
Let a(m) be the first derivative of m**4/4 - 23*m**3/3 - 8*m**2 - 90*m + 104. Does 3 divide a(24)?
True
Let i = 9221 - 2952. Does 5 divide i?
False
Does 49 divide (-592884)/(-45) + (-96)/(-300)*(-5)/(-2)?
False
Let h(l) = 92*l**2 - 8*l + 5. Is 39 a factor of h(4)?
False
Let d = -676 - -325. Let c = d - -721. Does 3 divide c?
False
Let r = 393 + -388. Suppose p + 358 = 5*p + 3*i, -3*p + r*i + 283 = 0. Is p a multiple of 39?
False
Let h(z) = -2443*z + 12. Does 62 divide h(-2)?
True
Let b(p) = -2*p**2 - 46*p + 105. Let f be b(-25). Suppose -5*g + 2*q + 5448 = -q, -4*q = f*g - 5441. Does 9 divide g?
True
Let g = 34559 - 19366. Does 27 divide g?
False
Let z = -29 - -42. Is 12 a factor of (-17 + z)*(-2 + (-30)/8)?
False
Suppose 500 + 4978 = 6*m. Suppose 5*l - 20 = 0, 10*t = 7*t - l + m. Is 12 a factor of t?
False
Let d = 164 + -163. Is (-11 - d)*400/(-15) a multiple of 27?
False
Let d(l) = 73*l**3 + 7*l**2 - 8*l - 71. Is 57 a factor of d(4)?
False
Let z(g) = 175*g + 598. Is 37 a factor of z(8)?
True
Let f = 5 - 5. Suppose f = -2*x + 2*k + 72, 5*x - 2*k + 33 = 207. Is 34 a factor of (0 + 16)/(((-4)/x)/(-1))?
True
Let x(f) = 2. Let d(g) = -g**3 - 11*g**2 + 32*g + 21. Let l(s) = d(s) - 4*x(s). Does 3 divide l(-14)?
True
Does 43 divide (4 + -28)/((-3)/2349)?
False
Let v(w) be the first derivative of 5*w**4/8 + 2*w**3 - 3*w**2/2 - 17. Let p(h) be the second derivative of v(h). Does 29 divide p(5)?
True
Suppose -948 = -5*u + 3*j, -u + 964 = 4*u + j. Suppose -3*w = -0*w - u. Is 10 a factor of w?
False
Let d(g) = -g**2 + 36*g - 19. Let z be d(11). Does 17 divide 50*(z/40 + 0)?
False
Suppose -84*l - 738 = -78*l. Let z = 321 - l. Is 37 a factor of z?
True
Let y(g) be the first derivative of -g**4/4 - 4*g**3/3 - 2*g**2 - 16. Let r be y(-3). Suppose 0 = r*o + 61 - 241. Is 9 a factor of o?
False
Suppose 3*c - 369 = -5*y + 574, -5*y = -5*c - 935. Suppose 3 + 0 = -s, -s - y = -5*u. Suppose -u = -z + 85. Does 10 divide z?
False
Suppose 2*o = -o + 312. Suppose -2*y + 13*y = -2*y. Suppose -103*q + o*q - 169 = y. Is 12 a factor of q?
False
Suppose -a - a - j = -53, 63 = 2*a + 3*j. Let f = 152 - 119. Let r = f - a. Is r a multiple of 3?
True
Suppose -2*a = -5 - 19. Suppose -a = 8*w - 12*w. Suppose -444 = -w*x + 3. Is 10 a factor of x?
False
Let v(t) = 512*t + 32. Does 7 divide v(4)?
False
Let v(u) = 5*u - 61. Suppose -13*x + 146 = -166. Does 6 divide v(x)?
False
Let v(j) = -9*j**3 - 8*j**2 - 51*j - 574. Is v(-10) a multiple of 4?
True
Let g(n) = n**3 - 11*n**2 + 6*n - 2. Let o be g(11). Let m(s) = -73*s - 52. Let j be m(-1). Suppose 17*d = j*d - o. Is d a multiple of 8?
True
Is 12 a factor of (1*6 - -1)/((-8679